s digit of 3464231?
3
What is the tens digit of 1431574?
7
What is the hundred thousands digit of 1831674?
8
What is the hundred thousands digit of 141821?
1
What is the hundreds digit of 643030?
0
What is the hundred thousands digit of 20265743?
2
What is the ten thousands digit of 3415560?
1
What is the hundred thousands digit of 248079?
2
What is the units digit of 367467?
7
What is the units digit of 18401?
1
What is the ten thousands digit of 4012008?
1
What is the tens digit of 9416861?
6
What is the hundred thousands digit of 2009160?
0
What is the thousands digit of 306984?
6
What is the tens digit of 4662734?
3
What is the ten thousands digit of 39809?
3
What is the hundred thousands digit of 7816850?
8
What is the hundred thousands digit of 100784?
1
What is the ten thousands digit of 1126207?
2
What is the ten thousands digit of 1696720?
9
What is the thousands digit of 3865529?
5
What is the ten thousands digit of 3904228?
0
What is the hundreds digit of 422436?
4
What is the ten thousands digit of 942920?
4
What is the units digit of 1713606?
6
What is the tens digit of 508206?
0
What is the tens digit of 169331?
3
What is the hundred thousands digit of 4887928?
8
What is the millions digit of 3201627?
3
What is the hundreds digit of 1715801?
8
What is the thousands digit of 273528?
3
What is the hundred thousands digit of 908280?
9
What is the tens digit of 1780179?
7
What is the thousands digit of 497574?
7
What is the ten thousands digit of 65363?
6
What is the thousands digit of 528436?
8
What is the hundreds digit of 68299?
2
What is the tens digit of 149804?
0
What is the tens digit of 1015175?
7
What is the hundred thousands digit of 7562582?
5
What is the hundred thousands digit of 1739618?
7
What is the thousands digit of 2186280?
6
What is the hundreds digit of 358184?
1
What is the units digit of 23068926?
6
What is the tens digit of 103459?
5
What is the hundreds digit of 1478285?
2
What is the hundred thousands digit of 347771?
3
What is the thousands digit of 611547?
1
What is the tens digit of 1850507?
0
What is the millions digit of 5728320?
5
What is the ten thousands digit of 508014?
0
What is the millions digit of 3296153?
3
What is the hundreds digit of 539917?
9
What is the hundred thousands digit of 141520?
1
What is the units digit of 679521?
1
What is the units digit of 3463416?
6
What is the units digit of 5399?
9
What is the hundreds digit of 369754?
7
What is the ten thousands digit of 628986?
2
What is the hundreds digit of 15020843?
8
What is the tens digit of 437638?
3
What is the units digit of 6121363?
3
What is the thousands digit of 1292847?
2
What is the hundreds digit of 3771072?
0
What is the hundred thousands digit of 32322301?
3
What is the hundreds digit of 1090463?
4
What is the tens digit of 358524?
2
What is the ten thousands digit of 1013567?
1
What is the millions digit of 8786433?
8
What is the thousands digit of 22671868?
1
What is the ten thousands digit of 295079?
9
What is the hundreds digit of 4594135?
1
What is the hundreds digit of 965291?
2
What is the ten thousands digit of 2358522?
5
What is the ten thousands digit of 179919?
7
What is the tens digit of 26781232?
3
What is the units digit of 325982?
2
What is the hundred thousands digit of 2140641?
1
What is the tens digit of 317832?
3
What is the thousands digit of 237634?
7
What is the hundreds digit of 1914940?
9
What is the hundred thousands digit of 653924?
6
What is the thousands digit of 4815361?
5
What is the ten thousands digit of 233120?
3
What is the tens digit of 285567?
6
What is the hundred thousands digit of 2199131?
1
What is the ten thousands digit of 116862?
1
What is the tens digit of 2231023?
2
What is the tens digit of 3521134?
3
What is the tens digit of 2943927?
2
What is the units digit of 29773136?
6
What is the hundred thousands digit of 117129?
1
What is the thousands digit of 801726?
1
What is the thousands digit of 39701996?
1
What is the ten thousands digit of 225063?
2
What is the ten thousands digit of 2469497?
6
What is the hundreds digit of 3214292?
2
What is the hundreds digit of 490644?
6
What is the thousands digit of 5409006?
9
What is the millions digit of 2821788?
2
What is the tens digit of 267038?
3
What is the units digit of 1833848?
8
What is the ten thousands digit of 30535?
3
What is the tens digit of 1406306?
0
What is the units digit of 70576?
6
What is the units digit of 1219065?
5
What is the hundred thousands digit of 422167?
4
What is the hundreds digit of 22649?
6
What is the tens digit of 215925?
2
What is the hundred thousands digit of 3915673?
9
What is the hundred thousands digit of 350174?
3
What is the hundred thousands digit of 559832?
5
What is the units digit of 7867431?
1
What is the millions digit of 1921388?
1
What is the ten millions digit of 10404228?
1
What is the tens digit of 2366181?
8
What is the units digit of 240832?
2
What is the hundreds digit of 142379?
3
What is the thousands digit of 112845?
2
What is the hundred thousands digit of 3681175?
6
What is the ten thousands digit of 3925859?
2
What is the tens digit of 3014595?
9
What is the thousands digit of 2826258?
6
What is the units digit of 2029136?
6
What is the hundreds digit of 1201447?
4
What is the hundreds digit of 869012?
0
What is the units digit of 3475385?
5
What is the ten thousands digit of 370096?
7
What is the thousands digit of 13362422?
2
What is the thousands digit of 20217264?
7
What is the tens digit of 6567832?
3
What is the units digit of 18584?
4
What is the tens digit of 1456837?
3
What is the tens digit of 63007?
0
What is the millions digit of 26568736?
6
What is the millions digit of 21086835?
1
What is the tens digit of 37684157?
5
What is the units digit of 494955?
5
What is the tens digit of 130629?
2
What is the tens digit of 3292614?
1
What is the ten thousands digit of 272159?
7
What is the ten thousands digit of 187313?
8
What is the ten thousands digit of 10823459?
2
What is the ten thousands digit of 1635988?
3
What is the hundreds digit of 90558?
5
What is the tens digit of 37215?
1
What is the hundred thousands digit of 15764204?
7
What is the hundred thousands digit of 17749108?
7
What is the tens digit of 6073327?
2
What is the hundred thousands digit of 21695369?
6
What is the thousands digit of 44791?
4
What is the millions digit of 4254110?
4
What is the tens digit of 1541736?
3
What is the units digit of 258936?
6
What is the tens digit of 24172631?
3
What is the hundred thousands digit of 1482727?
4
What is the ten millions digit of 23778695?
2
What is the tens digit of 18702?
0
What is the millions digit of 41312005?
1
What is the hundred thousands digit of 264571?
2
What is the tens digit of 4417208?
0
What is the hundred thousands digit of 118437?
1
What is the hundreds digit of 855009?
0
What is the hundreds digit of 7303054?
0
What is the hundred thousands digit of 4323749?
3
What is the tens digit of 10256632?
3
What is the ten millions digit of 19011876?
1
What is the ten thousands digit of 20543083?
4
What is the units digit of 557430?
0
What is the units digit of 38808216?
6
What is the hundred thousands digit of 307310?
3
What is the hundred thousands digit of 178588?
1
What is the ten millions digit of 16371950?
1
What is the hundreds digit of 18915691?
6
What is the units digit of 195810?
0
What is the ten thousands digit of 404617?
0
What is the hundred thousands digit of 3228240?
2
What is the millions digit of 9923781?
9
What is the thousands digit of 4951538?
1
What is the tens digit of 319365?
6
What is the tens digit of 4020469?
6
What is the hundreds digit of 928220?
2
What is the thousands digit of 480750?
0
What is the tens digit of 13501950?
5
What is the thousands digit of 34687?
4
What is the thousands digit of 990941?
0
What is the thousands digit of 250663?
0
What is the thousands digit of 254028?
4
What is the hundred thousands digit of 12392838?
3
What is the ten thousands digit of 4727350?
2
What is the millions digit of 9252015?
9
What is the hundred thousands digit of 1099353?
0
What is the units digit of 6841427?
7
What is the thousands digit of 1120578?
0
What is the units digit of 310532?
2
What is the ten thousands